 -4*q - 5*d + 57 = 0. Suppose q*x + 0*x = -5*x. Suppose x = -4*n + 5*c + 801, 4*n + 2*c - 822 = -0*c. What is the tens digit of n?
0
Let g = 19 + -21. What is the tens digit of 69720/231 - g/11?
0
Let f(c) be the first derivative of c**4/4 - 5*c**3/3 + c**2/2 + 9*c + 121. What is the hundreds digit of f(10)?
5
Let r = -4452 - -10862. Suppose 0 = 3*i + z - 3193, 0 = -5*i - 4*z - 1079 + r. What is the units digit of i?
3
Suppose -11 = -5*o - 1. Suppose -10*v + 5*x = -15*v + 1730, -3*x + 692 = o*v. What is the hundreds digit of v?
3
Let m = -300 - -305. Suppose k - a = 5*k - 4638, 5792 = m*k + 4*a. What is the tens digit of k?
6
What is the hundreds digit of (-4 + -2)*25883/(-22)?
0
Let o(b) = 6*b - 55. Let r be o(9). Let i be (-1 - (2 + r))*85/34. Let d(u) = -17*u - 28. What is the tens digit of d(i)?
5
Let k(x) = 2*x**3 + 9*x**2 - x - 38. Suppose 37 - 1 = 6*r. What is the units digit of k(r)?
2
Suppose 2*u - 11 = -3. Suppose -2*s - 6 = -2*f + 2, u*f = -s + 11. What is the tens digit of (-58)/4*(f + -5)?
2
What is the ten thousands digit of (((-64)/20 + 4)*-68545)/(-2)?
2
Let d be ((-1)/3)/(14/(-168)). Let i(m) = -2*m + 12. Let g be i(d). What is the tens digit of 57/g*(-16)/(-6)?
3
Suppose 3*s - 10474 = -4*g, -3*s = g + 933 - 11395. What is the tens digit of s?
8
Let h = -17 + 17. Suppose 5*f - 10 + h = 0. Suppose 7*i = f*i, 5*j - 2*i = 65. What is the units digit of j?
3
Let u = 251 - 177. Let z = 23 - u. What is the tens digit of (z/(-4) + -3)/(3/16)?
5
Suppose 5*c + 19 = -3*a, c + 3*a + 2*a + 17 = 0. Let t be 1860/66 + c/11. Let h = t - -9. What is the units digit of h?
7
What is the units digit of (6 - 0) + (3536/(-204))/(4/(-3594))?
0
Suppose -5*w - 6 = -5*q + 14, 24 = q + 3*w. Let t be ((-3555)/10)/q*2. Let n = t + 232. What is the hundreds digit of n?
1
Let a(c) be the second derivative of 10*c - 15/2*c**2 + 1/6*c**4 + 0 - 2/3*c**3. What is the hundreds digit of a(-7)?
1
Let z(j) = 42*j + 2651. What is the tens digit of z(-45)?
6
Let l be ((-20)/(-30))/(6/315). Let g be -129*(-2)/10 + 7/l. Suppose 0 = 4*x - g - 526. What is the units digit of x?
8
Suppose 0 = 2*g + 4*c - 1608, -8*g + 13*g - 5*c - 4035 = 0. Suppose 1354 = 5*i + 4*d, -2*i - 4*d + g = i. What is the tens digit of i?
7
Let q be (-10 + 4740/(-48))/((-2)/16). Suppose 0 = -6*u + q + 1728. What is the tens digit of u?
3
Suppose p + 8*p = 1242. Suppose -p*n = -141*n + 6936. Suppose -34*r + 26*r = -n. What is the hundreds digit of r?
2
Let b(t) = -t**3 + 12*t**2 + 2. Let h be b(12). Suppose -r - 5*w + 86 = h*r, 0 = -r + 2*w + 36. Let l = -31 + r. What is the units digit of l?
1
Let x be 3730/6 - 55/33. Let b = x + 1212. What is the hundreds digit of b?
8
Suppose -2*z - f + 23519 = 0, -2*z + 2*f + 23520 = 4*f. What is the tens digit of z?
5
Suppose -12*f + 4*f = -53*f + 246240. What is the hundreds digit of f?
4
Suppose 0 = j + 5*g - 2004, -g - 12742 + 2748 = -5*j. Let h = -1166 + j. What is the hundreds digit of h?
8
Let v = 45 - 162. Let t = -56 - v. Let k = t + -15. What is the units digit of k?
6
Let s(m) = 461*m**2 - 5*m. Let j be s(-2). Let l = j - 469. What is the tens digit of l?
8
Let u be (-16)/(-6) - (-20)/15. What is the units digit of u/(-3) - (0 - (-4264)/(-12))?
4
Let r = 33269 + -18135. What is the hundreds digit of r?
1
Let b(p) = -71*p + 61. Let u be b(6). Let q = 16 - u. What is the units digit of q?
1
Let q be (-1)/((-1)/3) - 5 - -4. Suppose -3*h + 4*t + 96 = 0, 104 + 88 = 5*h + 4*t. What is the units digit of (0 - 0) + q + h?
8
Suppose -4*r = -10*r + 24. Suppose -4*j - m = -19, -r*j - 5*m - 6 = -37. Suppose 5*v - 285 = -j*t, -v + 3*t + 137 = v. What is the tens digit of v?
6
What is the units digit of (-25*14/(-1050))/(1/21018)?
6
Let o = 5702 + 762. What is the thousands digit of o?
6
Let h = 656 + 107. What is the tens digit of (-5 + h)/(11 - 10)?
5
Suppose 31 = 8*g - 9. Suppose 5*f - c + 9 = 31, g*f - 2*c = 24. What is the units digit of f?
4
Let y be 143312/429 - (-2)/(-33). Suppose 0 = 3*m + 5*n - 533 + 43, y = 2*m - 4*n. What is the units digit of m?
5
Let c = -338 + 826. Let v = 781 - c. What is the units digit of v?
3
Suppose 4*q - 91749 = -5*t, -5*q = -1049*t + 1048*t - 114708. What is the ten thousands digit of q?
2
Let r(w) = -w + 1. Let a(v) = 96*v + 18. Let b(c) = a(c) - 2*r(c). What is the units digit of b(5)?
6
Let y(c) = 48*c - 300. Let g be y(17). Let l = g - 267. What is the units digit of l?
9
Let n = -36 - -45. Suppose 0 = 16*s - n*s - 1953. What is the units digit of s?
9
Suppose -g = -57*a + 56*a + 25734, -4*a = -g - 102957. What is the units digit of a?
1
Let b(u) = -18*u + 4. Let m be b(0). What is the thousands digit of (7666/m + -7)*(-2)/(-3)?
1
Let r be (78/(-130))/(0 + 2/(-10)). Suppose 22 - 19 = -r*o. What is the hundreds digit of (-3 - -6) + o - -120?
1
Let s(g) = 16*g**3 + 23*g**2 + 20*g + 76. Let i(d) = -9*d**3 - 12*d**2 - 10*d - 38. Let j(h) = 11*i(h) + 6*s(h). What is the tens digit of j(-5)?
1
Let x(v) be the third derivative of -v**6/120 - v**5/5 - v**4/4 - 4*v**3/3 - 19*v**2. Let l be x(-11). Let d = l - -90. What is the tens digit of d?
2
Let a(p) = 3*p**2 + 7*p - 16. Let f(c) = 14*c**2 + 34*c - 79. Let m(h) = 11*a(h) - 2*f(h). What is the tens digit of m(4)?
9
What is the units digit of 222/3441 + (-419366)/(-31)?
8
Suppose -72*p = 17090 - 1270394. What is the units digit of p?
7
Let v(d) = -13*d - 5*d**2 - 8*d**2 - 6*d**2 + 20*d**2. What is the tens digit of v(-13)?
3
Let y(j) be the third derivative of -5*j**4/4 - 3*j**3/2 - 17*j**2. Let k be y(-11). Suppose -3*g + 297 = -i - k, 9 = 3*i. What is the units digit of g?
7
Suppose 4*k - 104 = -2*g + 34, 171 = 5*k + 3*g. Suppose -k*z = -38*z - 528. Let l = -138 - z. What is the hundreds digit of l?
1
Suppose -m = -10*t - 31360, m + 418 - 31688 = -5*t. What is the hundreds digit of m?
3
Suppose -142*o + 721280 = -27*o. What is the thousands digit of o?
6
Suppose -v + 4*p - 131 = 0, -2*v - 138 = -v + 3*p. Let t = 172 + v. What is the tens digit of t?
3
Let r be (5/(30/68))/(8/12). Let u(p) = p**3 - 14*p**2 - 22*p + 31. What is the units digit of u(r)?
4
What is the thousands digit of 5 + (-14)/4 + (-42205)/(-10)?
4
Suppose -12*i = -72459 + 4035. What is the tens digit of i?
0
Let l(k) = 52 + 34 - 68 + 3*k + 25*k. What is the tens digit of l(6)?
8
Let d(u) = -u**3 + 10*u**2 - 10*u + 11. Let g be d(9). Suppose -6*y = -g*y + 576. Let n = y + 244. What is the hundreds digit of n?
1
Let y(i) = 4 + 9*i**3 + 5 - 3 - i + 4*i**2 - 2*i. Let x be y(3). Suppose 3*t = 3*v + x, 249 = 5*t - 4*v - 209. What is the tens digit of t?
9
Suppose 3*s + 5*x = 1166, 4*x - 1939 = -2*s - 3*s. Let w = -26 + s. What is the tens digit of w?
6
Let f = 2621 - -3525. Suppose f = 12*m - 166. What is the units digit of m?
6
Let f = -108 - -111. Suppose 62 - 1106 = -f*d. What is the hundreds digit of d?
3
Let t be 0*((3 - 2 - 3) + 3). Suppose t = 2*i - i + b - 8, -2*i + 2*b - 4 = 0. Suppose 0 = w + i*f - 90 + 31, 3*w = 3*f + 153. What is the tens digit of w?
5
Let x(b) = 114*b - 191. Suppose 27 - 43 = -4*u. What is the units digit of x(u)?
5
Let h = -300 + 240. What is the units digit of ((-50)/h)/(1/642)?
5
Let i be (3*(-5)/15 - -7)/(-2). Let p(j) = -123*j + 16. What is the units digit of p(i)?
5
Let m be (6 - 48/18)*192/(-10). Let w = 83 + m. What is the units digit of w?
9
Let j be 2/(-4)*-1*2. Let o be j - 6*3/(-6). Suppose -8*n = 3*q - 3*n - 142, q - 52 = -o*n. What is the tens digit of q?
4
Suppose -2*a + 49 = 3*x, -2 = 2*a - 3*x - 57. Suppose 27*h - a*h + w = 263, 9 = 3*w. What is the hundreds digit of h?
2
Let d(r) = -15*r - 141. Let g(n) = -12*n - 142. Let m(u) = 5*d(u) - 4*g(u). What is the hundreds digit of m(-11)?
1
Let x(v) = -76*v - 4. Suppose h - 17 = 5*n - 3, -2*n + 14 = h. Let g be x(h). What is the tens digit of g/(-16) - (3/(-12) + 0)?
6
Let b(k) = -2*k + 3*k + 8 - 12 + 13. Let q be b(-5). What is the units digit of 2/q + 195/2?
8
Suppose 219*d = 216*d + 159. Let o = 89 - d. What is the tens digit of (o/(-54))/((-1)/288)?
9
Let o(g) = -5*g - 26. Let t be o(-7). Let k(i) = 5*i**2 - 9*i + 43. What is the tens digit of k(t)?
6
What is the thousands digit of 2*2141783/506 + 6/(-11)?
8
What is the hundreds digit of (8 - (-1020)/(-150))/(4/31450)?
4
Let a(k) = 1248*k + 11704. What is the ten th